{"id":2538,"date":"2025-01-25T15:11:35","date_gmt":"2025-01-25T12:11:35","guid":{"rendered":"https:\/\/onceogretmenvakfi.org.tr\/?page_id=2538"},"modified":"2025-01-25T15:12:57","modified_gmt":"2025-01-25T12:12:57","slug":"our-partners","status":"publish","type":"page","link":"https:\/\/onceogretmenvakfi.org.tr\/index.php\/en\/our-partners\/","title":{"rendered":"Our Partners"},"content":{"rendered":"\t\t<div data-elementor-type=\"wp-page\" data-elementor-id=\"2538\" class=\"elementor elementor-2538\" data-elementor-post-type=\"page\">\n\t\t\t\t<div class=\"elementor-element elementor-element-fe13937 e-flex e-con-boxed e-con e-parent\" data-id=\"fe13937\" data-element_type=\"container\" data-e-type=\"container\">\n\t\t\t\t\t<div class=\"e-con-inner\">\n\t\t\t\t<div class=\"elementor-element elementor-element-e7e6cbf elementor-widget elementor-widget-heading\" data-id=\"e7e6cbf\" data-element_type=\"widget\" data-e-type=\"widget\" data-widget_type=\"heading.default\">\n\t\t\t\t<div class=\"elementor-widget-container\">\n\t\t\t\t\t<h2 class=\"elementor-heading-title elementor-size-default\">Our Partners<\/h2>\t\t\t\t<\/div>\n\t\t\t\t<\/div>\n\t\t\t\t<div class=\"elementor-element elementor-element-97838a9 elementor-widget elementor-widget-heading\" data-id=\"97838a9\" data-element_type=\"widget\" data-e-type=\"widget\" data-widget_type=\"heading.default\">\n\t\t\t\t<div class=\"elementor-widget-container\">\n\t\t\t\t\t<h2 class=\"elementor-heading-title elementor-size-default\">We collaborate with organisations, individuals, change-makers and leading researchers to move policies and people towards sustainable progress in education and teacher well-being.<\/h2>\t\t\t\t<\/div>\n\t\t\t\t<\/div>\n\t\t\t\t\t<\/div>\n\t\t\t\t<\/div>\n\t\t<div class=\"elementor-element elementor-element-efd9b66 e-flex e-con-boxed e-con e-parent\" data-id=\"efd9b66\" data-element_type=\"container\" data-e-type=\"container\">\n\t\t\t\t\t<div class=\"e-con-inner\">\n\t\t<div class=\"elementor-element elementor-element-d101920 e-con-full e-flex e-con e-child\" data-id=\"d101920\" data-element_type=\"container\" data-e-type=\"container\">\n\t\t\t\t<div class=\"elementor-element elementor-element-5720255 elementor-widget elementor-widget-heading\" data-id=\"5720255\" data-element_type=\"widget\" data-e-type=\"widget\" data-widget_type=\"heading.default\">\n\t\t\t\t<div class=\"elementor-widget-container\">\n\t\t\t\t\t<h2 class=\"elementor-heading-title elementor-size-default\">National and International Collaborations<\/h2>\t\t\t\t<\/div>\n\t\t\t\t<\/div>\n\t\t\t\t<div class=\"elementor-element elementor-element-067bb72 elementor-widget-divider--view-line elementor-widget elementor-widget-divider\" data-id=\"067bb72\" data-element_type=\"widget\" data-e-type=\"widget\" data-widget_type=\"divider.default\">\n\t\t\t\t<div class=\"elementor-widget-container\">\n\t\t\t\t\t\t\t<div class=\"elementor-divider\">\n\t\t\t<span class=\"elementor-divider-separator\">\n\t\t\t\t\t\t<\/span>\n\t\t<\/div>\n\t\t\t\t\t\t<\/div>\n\t\t\t\t<\/div>\n\t\t\t\t<\/div>\n\t\t<div class=\"elementor-element elementor-element-fde6666 e-con-full e-flex e-con e-child\" data-id=\"fde6666\" data-element_type=\"container\" data-e-type=\"container\">\n\t\t\t\t<div class=\"elementor-element elementor-element-4e75e55 elementor-widget elementor-widget-image\" data-id=\"4e75e55\" data-element_type=\"widget\" data-e-type=\"widget\" data-widget_type=\"image.default\">\n\t\t\t\t<div class=\"elementor-widget-container\">\n\t\t\t\t\t\t\t\t\t\t\t\t\t\t\t<img fetchpriority=\"high\" decoding=\"async\" width=\"512\" height=\"256\" src=\"https:\/\/onceogretmenvakfi.org.tr\/wp-content\/uploads\/2024\/04\/unnamed-1.png\" class=\"attachment-large size-large wp-image-1452\" alt=\"\" srcset=\"https:\/\/onceogretmenvakfi.org.tr\/wp-content\/uploads\/2024\/04\/unnamed-1.png 512w, https:\/\/onceogretmenvakfi.org.tr\/wp-content\/uploads\/2024\/04\/unnamed-1-300x150.png 300w\" sizes=\"(max-width: 512px) 100vw, 512px\" \/>\t\t\t\t\t\t\t\t\t\t\t\t\t\t\t<\/div>\n\t\t\t\t<\/div>\n\t\t\t\t<\/div>\n\t\t<div class=\"elementor-element elementor-element-7f99afe e-con-full e-flex e-con e-child\" data-id=\"7f99afe\" data-element_type=\"container\" data-e-type=\"container\">\n\t\t\t\t<div class=\"elementor-element elementor-element-5c2d79d elementor-widget elementor-widget-heading\" data-id=\"5c2d79d\" data-element_type=\"widget\" data-e-type=\"widget\" data-widget_type=\"heading.default\">\n\t\t\t\t<div class=\"elementor-widget-container\">\n\t\t\t\t\t<h2 class=\"elementor-heading-title elementor-size-default\">STEM PD Community<br>of Practice (STEM CoP)<\/h2>\t\t\t\t<\/div>\n\t\t\t\t<\/div>\n\t\t\t\t<div class=\"elementor-element elementor-element-6b240f4 elementor-widget elementor-widget-text-editor\" data-id=\"6b240f4\" data-element_type=\"widget\" data-e-type=\"widget\" data-widget_type=\"text-editor.default\">\n\t\t\t\t<div class=\"elementor-widget-container\">\n\t\t\t\t\t\t\t\t\t<p>The STEM PD Community of Practice (STEM CoP) aims to bring together researchers, practitioners and stakeholders from around the world to discuss issues related to education. STEM CoP develops STEM Curriculum and runs STEM PD programmes in different countries. STEM CoP also publishes journals and books in the field of STEM education.<\/p><p>STEM CoP organises the \u2018International STEM Education Conference\u2019 and its social media channels provide resources for teachers and launches an online forum for teachers and lecturers. Teachers First Foundation is one of the annual participants of this conference.<\/p><p>STEM CoP \u201cUluslararas\u0131 STEM E\u011fitimi Konferans\u0131\u201d d\u00fczenlemekte ve sosyal medya kanallar\u0131 \u00f6\u011fretmenlere kaynak sa\u011flamakta, \u00f6\u011fretmenler ve \u00f6\u011fretim g\u00f6revlileri i\u00e7in \u00e7evrimi\u00e7i bir forum ba\u015flatmaktad\u0131r. \u00d6nce \u00d6\u011fretmen Vakf\u0131, bu konferans\u0131n y\u0131ll\u0131k kat\u0131l\u0131mc\u0131lar\u0131ndan biridir.<\/p>\t\t\t\t\t\t\t\t<\/div>\n\t\t\t\t<\/div>\n\t\t\t\t<\/div>\n\t\t<div class=\"elementor-element elementor-element-3c74a52 e-con-full e-flex e-con e-child\" data-id=\"3c74a52\" data-element_type=\"container\" data-e-type=\"container\">\n\t\t\t\t<div class=\"elementor-element elementor-element-7f900ba elementor-widget elementor-widget-image\" data-id=\"7f900ba\" data-element_type=\"widget\" data-e-type=\"widget\" data-widget_type=\"image.default\">\n\t\t\t\t<div class=\"elementor-widget-container\">\n\t\t\t\t\t\t\t\t\t\t\t\t\t\t\t<img decoding=\"async\" width=\"800\" height=\"233\" src=\"https:\/\/onceogretmenvakfi.org.tr\/wp-content\/uploads\/2024\/04\/ICSE-Science-Factory-Logo.png\" class=\"attachment-large size-large wp-image-1453\" alt=\"\" srcset=\"https:\/\/onceogretmenvakfi.org.tr\/wp-content\/uploads\/2024\/04\/ICSE-Science-Factory-Logo.png 850w, https:\/\/onceogretmenvakfi.org.tr\/wp-content\/uploads\/2024\/04\/ICSE-Science-Factory-Logo-300x88.png 300w, https:\/\/onceogretmenvakfi.org.tr\/wp-content\/uploads\/2024\/04\/ICSE-Science-Factory-Logo-768x224.png 768w\" sizes=\"(max-width: 800px) 100vw, 800px\" \/>\t\t\t\t\t\t\t\t\t\t\t\t\t\t\t<\/div>\n\t\t\t\t<\/div>\n\t\t\t\t<\/div>\n\t\t<div class=\"elementor-element elementor-element-4669707 e-con-full e-flex e-con e-child\" data-id=\"4669707\" data-element_type=\"container\" data-e-type=\"container\">\n\t\t\t\t<div class=\"elementor-element elementor-element-3ec4f1b elementor-widget elementor-widget-heading\" data-id=\"3ec4f1b\" data-element_type=\"widget\" data-e-type=\"widget\" data-widget_type=\"heading.default\">\n\t\t\t\t<div class=\"elementor-widget-container\">\n\t\t\t\t\t<h2 class=\"elementor-heading-title elementor-size-default\">ICSE FACTORY<br>(ICSE B\u0130L\u0130M FABR\u0130KASI)<\/h2>\t\t\t\t<\/div>\n\t\t\t\t<\/div>\n\t\t\t\t<div class=\"elementor-element elementor-element-f7435cc elementor-widget elementor-widget-text-editor\" data-id=\"f7435cc\" data-element_type=\"widget\" data-e-type=\"widget\" data-widget_type=\"text-editor.default\">\n\t\t\t\t<div class=\"elementor-widget-container\">\n\t\t\t\t\t\t\t\t\t<p>As Teachers First Foundation, we are excited to announce that we have entered into a strategic collaboration with the EU-funded ICSE Science Factory, which aims to address the gaps in science education and literacy, in partnership with Hacettepe University Stem&amp;Maker Lab. This collaboration aligns well with our core mission to promote educator wellbeing and continuous learning. ICSE&#8217;s focus on building strong cross-sector partnerships and community engagement strongly supports our extensive networking and targeted trainings for educators in Turkey and abroad. Through our partnership, we are not only raising standards in science education, but also contributing to the well-being of teachers through mentoring programmes and activities to solve real problems in society. This collaboration not only enriches our existing work but also increases our capacity to make a holistic and sustainable impact on the education ecosystem.<\/p><p>STEM CoP organises the \u2018International STEM Education Conference\u2019 and its social media channels provide resources for teachers and launches an online forum for teachers and lecturers. Teach First Foundation is one of the annual participants of this conference.<\/p><p>STEM CoP \u201cUluslararas\u0131 STEM E\u011fitimi Konferans\u0131\u201d d\u00fczenlemekte ve sosyal medya kanallar\u0131 \u00f6\u011fretmenlere kaynak sa\u011flamakta, \u00f6\u011fretmenler ve \u00f6\u011fretim g\u00f6revlileri i\u00e7in \u00e7evrimi\u00e7i bir forum ba\u015flatmaktad\u0131r. \u00d6nce \u00d6\u011fretmen Vakf\u0131, bu konferans\u0131n y\u0131ll\u0131k kat\u0131l\u0131mc\u0131lar\u0131ndan biridir.<\/p>\t\t\t\t\t\t\t\t<\/div>\n\t\t\t\t<\/div>\n\t\t\t\t<\/div>\n\t\t\t\t\t<\/div>\n\t\t\t\t<\/div>\n\t\t<div class=\"elementor-element elementor-element-e17df7c e-flex e-con-boxed e-con e-parent\" data-id=\"e17df7c\" data-element_type=\"container\" data-e-type=\"container\">\n\t\t\t\t\t<div class=\"e-con-inner\">\n\t\t<div class=\"elementor-element elementor-element-1f376c1 e-con-full e-flex e-con e-child\" data-id=\"1f376c1\" data-element_type=\"container\" data-e-type=\"container\">\n\t\t\t\t<div class=\"elementor-element elementor-element-ebc14e2 elementor-widget elementor-widget-heading\" data-id=\"ebc14e2\" data-element_type=\"widget\" data-e-type=\"widget\" data-widget_type=\"heading.default\">\n\t\t\t\t<div class=\"elementor-widget-container\">\n\t\t\t\t\t<h2 class=\"elementor-heading-title elementor-size-default\">EU Cooperation<\/h2>\t\t\t\t<\/div>\n\t\t\t\t<\/div>\n\t\t\t\t<div class=\"elementor-element elementor-element-eacaae3 elementor-widget-divider--view-line elementor-widget elementor-widget-divider\" data-id=\"eacaae3\" data-element_type=\"widget\" data-e-type=\"widget\" data-widget_type=\"divider.default\">\n\t\t\t\t<div class=\"elementor-widget-container\">\n\t\t\t\t\t\t\t<div class=\"elementor-divider\">\n\t\t\t<span class=\"elementor-divider-separator\">\n\t\t\t\t\t\t<\/span>\n\t\t<\/div>\n\t\t\t\t\t\t<\/div>\n\t\t\t\t<\/div>\n\t\t\t\t<\/div>\n\t\t<div class=\"elementor-element elementor-element-f97703f e-con-full e-flex e-con e-child\" data-id=\"f97703f\" data-element_type=\"container\" data-e-type=\"container\">\n\t\t\t\t<div class=\"elementor-element elementor-element-31a55a4 elementor-widget elementor-widget-heading\" data-id=\"31a55a4\" data-element_type=\"widget\" data-e-type=\"widget\" data-widget_type=\"heading.default\">\n\t\t\t\t<div class=\"elementor-widget-container\">\n\t\t\t\t\t<h2 class=\"elementor-heading-title elementor-size-default\">HORIZON2020<\/h2>\t\t\t\t<\/div>\n\t\t\t\t<\/div>\n\t\t\t\t<\/div>\n\t\t<div class=\"elementor-element elementor-element-2bcbbfc e-con-full e-flex e-con e-child\" data-id=\"2bcbbfc\" data-element_type=\"container\" data-e-type=\"container\">\n\t\t\t\t<div class=\"elementor-element elementor-element-769f8cd elementor-widget elementor-widget-text-editor\" data-id=\"769f8cd\" data-element_type=\"widget\" data-e-type=\"widget\" data-widget_type=\"text-editor.default\">\n\t\t\t\t<div class=\"elementor-widget-container\">\n\t\t\t\t\t\t\t\t\t<p>The Teach First Foundation is a part of the \u2018Horizon 2020\u2019 programme, which aims to strengthen the European Union scientifically and technologically, increase Europe&#8217;s innovation capacity, competitiveness and employment, meet societal priorities, and sustain Europe&#8217;s socioeconomic models and values. It is one of the stakeholders of the European Union Project titled \u2018Open schooling for science education and a learning continuum for all\u2019 coordinated by ICSE Science Factory under the Framework Programme.<\/p>\t\t\t\t\t\t\t\t<\/div>\n\t\t\t\t<\/div>\n\t\t\t\t<\/div>\n\t\t<div class=\"elementor-element elementor-element-731c205 e-con-full e-flex e-con e-child\" data-id=\"731c205\" data-element_type=\"container\" data-e-type=\"container\">\n\t\t\t\t<div class=\"elementor-element elementor-element-e96e25d elementor-widget elementor-widget-heading\" data-id=\"e96e25d\" data-element_type=\"widget\" data-e-type=\"widget\" data-widget_type=\"heading.default\">\n\t\t\t\t<div class=\"elementor-widget-container\">\n\t\t\t\t\t<h2 class=\"elementor-heading-title elementor-size-default\">Erasmus+ Programme of the<br>European Union\n<div><br><\/div><\/h2>\t\t\t\t<\/div>\n\t\t\t\t<\/div>\n\t\t\t\t<\/div>\n\t\t<div class=\"elementor-element elementor-element-78c9dbc e-con-full e-flex e-con e-child\" data-id=\"78c9dbc\" data-element_type=\"container\" data-e-type=\"container\">\n\t\t\t\t<div class=\"elementor-element elementor-element-0c8aa13 elementor-widget elementor-widget-text-editor\" data-id=\"0c8aa13\" data-element_type=\"widget\" data-e-type=\"widget\" data-widget_type=\"text-editor.default\">\n\t\t\t\t<div class=\"elementor-widget-container\">\n\t\t\t\t\t\t\t\t\t<p>Teacher First Foundation is currently actively implementing Erasmus+ KA210 projects on adult education under the leadership of Mersin University&#8217;s EU project preparation team, which is a network of schools, vocational training organisations, policy makers, universities and research institutions in Italy, Estonia, Poland and many other countries.<\/p>\t\t\t\t\t\t\t\t<\/div>\n\t\t\t\t<\/div>\n\t\t\t\t<\/div>\n\t\t\t\t\t<\/div>\n\t\t\t\t<\/div>\n\t\t<div class=\"elementor-element elementor-element-b979dd7 e-flex e-con-boxed e-con e-parent\" data-id=\"b979dd7\" data-element_type=\"container\" data-e-type=\"container\">\n\t\t\t\t\t<div class=\"e-con-inner\">\n\t\t\t\t<div class=\"elementor-element elementor-element-4dc3bf4 elementor-widget elementor-widget-template\" data-id=\"4dc3bf4\" data-element_type=\"widget\" data-e-type=\"widget\" data-widget_type=\"template.default\">\n\t\t\t\t<div class=\"elementor-widget-container\">\n\t\t\t\t\t\t\t<div class=\"elementor-template\">\n\t\t\t\t\t<div data-elementor-type=\"container\" data-elementor-id=\"2235\" class=\"elementor elementor-2235\" data-elementor-post-type=\"elementor_library\">\n\t\t\t\t<div class=\"elementor-element elementor-element-48eb89f3 e-flex e-con-boxed e-con e-parent\" data-id=\"48eb89f3\" data-element_type=\"container\" data-e-type=\"container\">\n\t\t\t\t\t<div class=\"e-con-inner\">\n\t\t\t\t<div class=\"elementor-element elementor-element-1f033b28 elementor-arrows-position-inside elementor-pagination-position-outside elementor-widget elementor-widget-image-carousel\" data-id=\"1f033b28\" data-element_type=\"widget\" data-e-type=\"widget\" data-settings=\"{&quot;slides_to_show&quot;:&quot;5&quot;,&quot;slides_to_show_mobile&quot;:&quot;2&quot;,&quot;navigation&quot;:&quot;both&quot;,&quot;autoplay&quot;:&quot;yes&quot;,&quot;pause_on_hover&quot;:&quot;yes&quot;,&quot;pause_on_interaction&quot;:&quot;yes&quot;,&quot;autoplay_speed&quot;:5000,&quot;infinite&quot;:&quot;yes&quot;,&quot;speed&quot;:500}\" data-widget_type=\"image-carousel.default\">\n\t\t\t\t<div class=\"elementor-widget-container\">\n\t\t\t\t\t\t\t<div class=\"elementor-image-carousel-wrapper swiper\" role=\"region\" aria-roledescription=\"carousel\" aria-label=\"Resim D\u00f6ng\u00fcs\u00fc\" dir=\"ltr\">\n\t\t\t<div class=\"elementor-image-carousel swiper-wrapper\" aria-live=\"off\">\n\t\t\t\t\t\t\t\t<div class=\"swiper-slide\" role=\"group\" aria-roledescription=\"slide\" aria-label=\"1 \/ 9\"><figure class=\"swiper-slide-inner\"><img decoding=\"async\" class=\"swiper-slide-image\" src=\"https:\/\/onceogretmenvakfi.org.tr\/wp-content\/uploads\/2024\/05\/Group-369.jpg\" alt=\"Group 369\" \/><\/figure><\/div><div class=\"swiper-slide\" role=\"group\" aria-roledescription=\"slide\" aria-label=\"2 \/ 9\"><figure class=\"swiper-slide-inner\"><img decoding=\"async\" class=\"swiper-slide-image\" src=\"https:\/\/onceogretmenvakfi.org.tr\/wp-content\/uploads\/2024\/05\/Group-366.jpg\" alt=\"Group 366\" \/><\/figure><\/div><div class=\"swiper-slide\" role=\"group\" aria-roledescription=\"slide\" aria-label=\"3 \/ 9\"><figure class=\"swiper-slide-inner\"><img decoding=\"async\" class=\"swiper-slide-image\" src=\"https:\/\/onceogretmenvakfi.org.tr\/wp-content\/uploads\/2024\/05\/Group-370.jpg\" alt=\"Group 370\" \/><\/figure><\/div><div class=\"swiper-slide\" role=\"group\" aria-roledescription=\"slide\" aria-label=\"4 \/ 9\"><figure class=\"swiper-slide-inner\"><img decoding=\"async\" class=\"swiper-slide-image\" src=\"https:\/\/onceogretmenvakfi.org.tr\/wp-content\/uploads\/2024\/05\/Group-363.jpg\" alt=\"Group 363\" \/><\/figure><\/div><div class=\"swiper-slide\" role=\"group\" aria-roledescription=\"slide\" aria-label=\"5 \/ 9\"><figure class=\"swiper-slide-inner\"><img decoding=\"async\" class=\"swiper-slide-image\" src=\"https:\/\/onceogretmenvakfi.org.tr\/wp-content\/uploads\/2024\/05\/Group-365.jpg\" alt=\"Group 365\" \/><\/figure><\/div><div class=\"swiper-slide\" role=\"group\" aria-roledescription=\"slide\" aria-label=\"6 \/ 9\"><figure class=\"swiper-slide-inner\"><img decoding=\"async\" class=\"swiper-slide-image\" src=\"https:\/\/onceogretmenvakfi.org.tr\/wp-content\/uploads\/2024\/05\/Group-362.jpg\" alt=\"Group 362\" \/><\/figure><\/div><div class=\"swiper-slide\" role=\"group\" aria-roledescription=\"slide\" aria-label=\"7 \/ 9\"><figure class=\"swiper-slide-inner\"><img decoding=\"async\" class=\"swiper-slide-image\" src=\"https:\/\/onceogretmenvakfi.org.tr\/wp-content\/uploads\/2024\/05\/Group-360.jpg\" alt=\"Group 360\" \/><\/figure><\/div><div class=\"swiper-slide\" role=\"group\" aria-roledescription=\"slide\" aria-label=\"8 \/ 9\"><figure class=\"swiper-slide-inner\"><img decoding=\"async\" class=\"swiper-slide-image\" src=\"https:\/\/onceogretmenvakfi.org.tr\/wp-content\/uploads\/2024\/05\/Group-361.jpg\" alt=\"Group 361\" \/><\/figure><\/div><div class=\"swiper-slide\" role=\"group\" aria-roledescription=\"slide\" aria-label=\"9 \/ 9\"><figure class=\"swiper-slide-inner\"><img decoding=\"async\" class=\"swiper-slide-image\" src=\"https:\/\/onceogretmenvakfi.org.tr\/wp-content\/uploads\/2024\/05\/Group-364.jpg\" alt=\"Group 364\" \/><\/figure><\/div>\t\t\t<\/div>\n\t\t\t\t\t\t\t\t\t\t\t\t<div class=\"elementor-swiper-button elementor-swiper-button-prev\" role=\"button\" tabindex=\"0\">\n\t\t\t\t\t\t<i aria-hidden=\"true\" class=\"eicon-chevron-left\"><\/i>\t\t\t\t\t<\/div>\n\t\t\t\t\t<div class=\"elementor-swiper-button elementor-swiper-button-next\" role=\"button\" tabindex=\"0\">\n\t\t\t\t\t\t<i aria-hidden=\"true\" class=\"eicon-chevron-right\"><\/i>\t\t\t\t\t<\/div>\n\t\t\t\t\n\t\t\t\t\t\t\t\t\t<div class=\"swiper-pagination\"><\/div>\n\t\t\t\t\t\t\t\t\t<\/div>\n\t\t\t\t\t\t<\/div>\n\t\t\t\t<\/div>\n\t\t\t\t\t<\/div>\n\t\t\t\t<\/div>\n\t\t\t\t<\/div>\n\t\t\t\t<\/div>\n\t\t\t\t\t\t<\/div>\n\t\t\t\t<\/div>\n\t\t\t\t\t<\/div>\n\t\t\t\t<\/div>\n\t\t\t\t<\/div>\n\t\t","protected":false},"excerpt":{"rendered":"<p>Our Partners We collaborate with organisations, individuals, change-makers and leading researchers to move policies and people towards sustainable progress in education and teacher well-being. National and International Collaborations STEM PD Communityof Practice (STEM CoP) The STEM PD Community of Practice (STEM CoP) aims to bring together researchers, practitioners and stakeholders from around the world to [&hellip;]<\/p>\n","protected":false},"author":1,"featured_media":0,"parent":0,"menu_order":0,"comment_status":"closed","ping_status":"closed","template":"","meta":{"footnotes":""},"class_list":["post-2538","page","type-page","status-publish","hentry"],"_links":{"self":[{"href":"https:\/\/onceogretmenvakfi.org.tr\/index.php\/wp-json\/wp\/v2\/pages\/2538","targetHints":{"allow":["GET"]}}],"collection":[{"href":"https:\/\/onceogretmenvakfi.org.tr\/index.php\/wp-json\/wp\/v2\/pages"}],"about":[{"href":"https:\/\/onceogretmenvakfi.org.tr\/index.php\/wp-json\/wp\/v2\/types\/page"}],"author":[{"embeddable":true,"href":"https:\/\/onceogretmenvakfi.org.tr\/index.php\/wp-json\/wp\/v2\/users\/1"}],"replies":[{"embeddable":true,"href":"https:\/\/onceogretmenvakfi.org.tr\/index.php\/wp-json\/wp\/v2\/comments?post=2538"}],"version-history":[{"count":4,"href":"https:\/\/onceogretmenvakfi.org.tr\/index.php\/wp-json\/wp\/v2\/pages\/2538\/revisions"}],"predecessor-version":[{"id":2542,"href":"https:\/\/onceogretmenvakfi.org.tr\/index.php\/wp-json\/wp\/v2\/pages\/2538\/revisions\/2542"}],"wp:attachment":[{"href":"https:\/\/onceogretmenvakfi.org.tr\/index.php\/wp-json\/wp\/v2\/media?parent=2538"}],"curies":[{"name":"wp","href":"https:\/\/api.w.org\/{rel}","templated":true}]}}